{"id":1000,"date":"2022-01-03T09:58:42","date_gmt":"2022-01-03T08:58:42","guid":{"rendered":"http:\/\/medyk.wroclaw.dolnyslask.pl\/?page_id=1000"},"modified":"2022-07-11T09:04:20","modified_gmt":"2022-07-11T07:04:20","slug":"powiat-olesnicki-2","status":"publish","type":"page","link":"https:\/\/medyk.wroclaw.dolnyslask.pl\/index.php\/powiat-olesnicki-2\/","title":{"rendered":"Powiat Ole\u015bnicki"},"content":{"rendered":"<p><a href=\"http:\/\/medyk.wroclaw.dolnyslask.pl\/index.php\/powiat-olesnicki-grudzien-2021\/\">Powiat Ole\u015bnicki Grudzie\u0144 2021<\/a><\/p>\n<p><a href=\"http:\/\/medyk.wroclaw.dolnyslask.pl\/index.php\/powiat-olesnicki-styczen-2022\/\">Powiat Ole\u015bnicki Stycze\u0144 2022<\/a><\/p>\n<p><a href=\"http:\/\/medyk.wroclaw.dolnyslask.pl\/index.php\/powiat-olesnicki-luty-2022\/\">Powiat Ole\u015bnicki Luty 2022<\/a><\/p>\n<p><a href=\"http:\/\/medyk.wroclaw.dolnyslask.pl\/index.php\/powiat-olesnicki-marzec-2022\/\">Powiat Ole\u015bnicki Marzec 2022<\/a><\/p>\n<p><a href=\"http:\/\/medyk.wroclaw.dolnyslask.pl\/index.php\/powiat-olesnicki-kwiecien-2022\/\">Powiat Ole\u015bnicki Kwiecie\u0144 2022<\/a><\/p>\n<p><a href=\"http:\/\/medyk.wroclaw.dolnyslask.pl\/index.php\/powiat-olesnicki-maj-2022\/\">Powiat Ole\u015bnicki Maj 2022<\/a><\/p>\n<p>&nbsp;<\/p>\n","protected":false},"excerpt":{"rendered":"<p>Powiat Ole\u015bnicki Grudzie\u0144 2021 Powiat Ole\u015bnicki Stycze\u0144 2022 Powiat Ole\u015bnicki Luty 2022 Powiat Ole\u015bnicki Marzec 2022 Powiat Ole\u015bnicki Kwiecie\u0144 2022 Powiat Ole\u015bnicki Maj 2022 &nbsp;<\/p>\n","protected":false},"author":15,"featured_media":0,"parent":0,"menu_order":0,"comment_status":"closed","ping_status":"closed","template":"","meta":{"footnotes":""},"class_list":["post-1000","page","type-page","status-publish","hentry","clearfix"],"_links":{"self":[{"href":"https:\/\/medyk.wroclaw.dolnyslask.pl\/index.php\/wp-json\/wp\/v2\/pages\/1000","targetHints":{"allow":["GET"]}}],"collection":[{"href":"https:\/\/medyk.wroclaw.dolnyslask.pl\/index.php\/wp-json\/wp\/v2\/pages"}],"about":[{"href":"https:\/\/medyk.wroclaw.dolnyslask.pl\/index.php\/wp-json\/wp\/v2\/types\/page"}],"author":[{"embeddable":true,"href":"https:\/\/medyk.wroclaw.dolnyslask.pl\/index.php\/wp-json\/wp\/v2\/users\/15"}],"replies":[{"embeddable":true,"href":"https:\/\/medyk.wroclaw.dolnyslask.pl\/index.php\/wp-json\/wp\/v2\/comments?post=1000"}],"version-history":[{"count":7,"href":"https:\/\/medyk.wroclaw.dolnyslask.pl\/index.php\/wp-json\/wp\/v2\/pages\/1000\/revisions"}],"predecessor-version":[{"id":2834,"href":"https:\/\/medyk.wroclaw.dolnyslask.pl\/index.php\/wp-json\/wp\/v2\/pages\/1000\/revisions\/2834"}],"wp:attachment":[{"href":"https:\/\/medyk.wroclaw.dolnyslask.pl\/index.php\/wp-json\/wp\/v2\/media?parent=1000"}],"curies":[{"name":"wp","href":"https:\/\/api.w.org\/{rel}","templated":true}]}}