{"id":1027,"date":"2022-01-03T10:16:40","date_gmt":"2022-01-03T09:16:40","guid":{"rendered":"http:\/\/medyk.wroclaw.dolnyslask.pl\/?page_id=1027"},"modified":"2022-07-15T11:51:32","modified_gmt":"2022-07-15T09:51:32","slug":"powiat-lwowecki","status":"publish","type":"page","link":"https:\/\/medyk.wroclaw.dolnyslask.pl\/index.php\/powiat-lwowecki\/","title":{"rendered":"Powiat Lw\u00f3wecki"},"content":{"rendered":"<p><a href=\"http:\/\/medyk.wroclaw.dolnyslask.pl\/index.php\/powiat-lwowecki-grudzien-2021\/\">Powiat Lw\u00f3wecki Grudzie\u0144 2021<\/a><\/p>\n<p><a href=\"http:\/\/medyk.wroclaw.dolnyslask.pl\/index.php\/powiat-lwowecki-styczen-2022\/\">Powiat Lw\u00f3wecki Stycze\u0144 2022<\/a><\/p>\n<p><a href=\"http:\/\/medyk.wroclaw.dolnyslask.pl\/index.php\/powiat-lwowecki-luty-2022\/\">Powiat Lw\u00f3wecki Luty 2022<\/a><\/p>\n<p><a href=\"http:\/\/medyk.wroclaw.dolnyslask.pl\/index.php\/powiat-lwowecki-marzec-2022\/\">Powiat Lw\u00f3wecki Marzec 2022<\/a><\/p>\n<p><a href=\"http:\/\/medyk.wroclaw.dolnyslask.pl\/index.php\/powiat-lwowecki-maj-2022\/\">Powiat Lw\u00f3wecki Maj 2022<\/a><\/p>\n","protected":false},"excerpt":{"rendered":"<p>Powiat Lw\u00f3wecki Grudzie\u0144 2021 Powiat Lw\u00f3wecki Stycze\u0144 2022 Powiat Lw\u00f3wecki Luty 2022 Powiat Lw\u00f3wecki Marzec 2022 Powiat Lw\u00f3wecki Maj 2022<\/p>\n","protected":false},"author":15,"featured_media":0,"parent":0,"menu_order":0,"comment_status":"closed","ping_status":"closed","template":"","meta":{"footnotes":""},"class_list":["post-1027","page","type-page","status-publish","hentry","clearfix"],"_links":{"self":[{"href":"https:\/\/medyk.wroclaw.dolnyslask.pl\/index.php\/wp-json\/wp\/v2\/pages\/1027","targetHints":{"allow":["GET"]}}],"collection":[{"href":"https:\/\/medyk.wroclaw.dolnyslask.pl\/index.php\/wp-json\/wp\/v2\/pages"}],"about":[{"href":"https:\/\/medyk.wroclaw.dolnyslask.pl\/index.php\/wp-json\/wp\/v2\/types\/page"}],"author":[{"embeddable":true,"href":"https:\/\/medyk.wroclaw.dolnyslask.pl\/index.php\/wp-json\/wp\/v2\/users\/15"}],"replies":[{"embeddable":true,"href":"https:\/\/medyk.wroclaw.dolnyslask.pl\/index.php\/wp-json\/wp\/v2\/comments?post=1027"}],"version-history":[{"count":4,"href":"https:\/\/medyk.wroclaw.dolnyslask.pl\/index.php\/wp-json\/wp\/v2\/pages\/1027\/revisions"}],"predecessor-version":[{"id":3203,"href":"https:\/\/medyk.wroclaw.dolnyslask.pl\/index.php\/wp-json\/wp\/v2\/pages\/1027\/revisions\/3203"}],"wp:attachment":[{"href":"https:\/\/medyk.wroclaw.dolnyslask.pl\/index.php\/wp-json\/wp\/v2\/media?parent=1027"}],"curies":[{"name":"wp","href":"https:\/\/api.w.org\/{rel}","templated":true}]}}