{"id":1111,"date":"2022-01-03T10:40:51","date_gmt":"2022-01-03T09:40:51","guid":{"rendered":"http:\/\/medyk.wroclaw.dolnyslask.pl\/?page_id=1111"},"modified":"2022-01-03T14:11:03","modified_gmt":"2022-01-03T13:11:03","slug":"skrocony-opis-projektu","status":"publish","type":"page","link":"https:\/\/medyk.wroclaw.dolnyslask.pl\/index.php\/skrocony-opis-projektu\/","title":{"rendered":"Skr\u00f3cony Opis Projektu"},"content":{"rendered":"<p><strong>Dane o projekcie:<\/strong><\/p>\n<p>Tytu\u0142\u00a0projektu: Wsparcie\u00a0Kszta\u0142cenia\u00a0Zawodowego\u00a0\u2013\u00a0Poprawa\u00a0Efekt\u00f3w<\/p>\n<p>Nazwa\u00a0wnioskodawcy:\u00a0Wojew\u00f3dztwo\u00a0Dolno\u015bl\u0105skie<\/p>\n<p>Ca\u0142kowita\u00a0warto\u015b\u0107\u00a0projektu:\u00a011\u00a0511\u00a0500,00\u00a0z\u0142<\/p>\n<p>Kwota\u00a0dofinansowania:\u00a09\u00a0784\u00a0775,00\u00a0z\u0142<\/p>\n<p>Nazwa\u00a0Programu\u00a0Operacyjnego: Regionalny\u00a0Program\u00a0Operacyjny\u00a0Wojew\u00f3dztwa\u00a0Dolno\u015bl\u0105skiego\u00a0na\u00a0lata 2014-2020<\/p>\n<p><strong>Kr\u00f3tki opis projektu:<\/strong><\/p>\n<p style=\"text-align: left;\">Projekt realizowany jest w Partnerstwie 11 dolno\u015bl\u0105skich JST (Woj.Dolno\u015bl\u0105skiego, trzech miast na prawach Powiat\u00f3w: Legnicy, Wa\u0142brzycha i Wroc\u0142awia i siedmiu Powiat\u00f3w: Boles\u0142awieckiego, K\u0142odzkiego, Lubi\u0144skiego, Lw\u00f3weckiego, Ole\u015bnickiego, \u015awidnickiego, Wroc\u0142awskiego). Wojew\u00f3dztwo Dolno\u015bl\u0105skie jest w projekcie Partnerem Wiod\u0105cym. Partnerzy zak\u0142adaj\u0105 realizacj\u0119 projektu przy udziale Realizator\u00f3w tj. 53 szk\u00f3\u0142 i plac\u00f3wek edukacyjnych. G\u0142\u00f3wnym celem projektu jest obj\u0119cie\u00a0 kompleksowym wsparciem uczni\u00f3w dolno\u015bl\u0105skich szk\u00f3\u0142 zawodowych i technik\u00f3w.\u00a0 Wzrost ich kompetencji i umiej\u0119tno\u015bci odnajdywania si\u0119 na rynku pracy prze\u0142ozy\u0107 ma sie na wyra\u017any wzrost zatrudnienia. Cel ten zostanie osi\u0105gni\u0119ty poprzez zaplanowane w projekcie dwie formy wsparcia (sta\u017ce\/praktyki zawodowe u pracodawc\u00f3w oraz cykl zaj\u0119\u0107 z przedmiot\u00f3w zawodowych przygotowuj\u0105cych do egzaminu zawodowego, kt\u00f3ry ko\u0144czy\u0107 si\u0119 b\u0119dzie obowi\u0105zkowym dla uczestnika pr\u00f3bnym egzaminem zawodowym), kt\u00f3rych efektem ma by\u0107 lepsze przygotowanie uczni\u00f3w\/s\u0142uchaczy do wykonywania pracy w wyuczonym zawodzie i aktywnego funkcjonowania na rynku pracy.<\/p>\n<p><strong>Formy wsparcia: <\/strong><\/p>\n<ol>\n<li style=\"text-align: left;\"><strong>Sta\u017ce\/Praktyki\u00a0zawodowe\u00a0dla\u00a0uczni\u00f3w\/s\u0142uchaczy\u00a0u\u00a0pracodawc\u00f3w<\/strong><\/li>\n<\/ol>\n<p>W sta\u017cach we\u017amie udzia\u0142 1820 os\u00f3b tj. 80% uczestnik\u00f3w projektu. Zadanie ma na celu lepsze przygotowanie uczestnik\u00f3w\/s\u0142uchaczy do wykonywania pracy w wyuczonym w danej szkole zawodzie i\u00a0aktywnego ich funkcjonowania na zmieniaj\u0105cym\u00a0si\u0119\u00a0rynku\u00a0pracy.\u00a0 Sta\u017ce\/praktyki zawodowe maj\u0105 w\u00a0za\u0142o\u017ceniu wykracza\u0107 poza zakres praktycznego kszta\u0142cenia zawodowego w celu zwi\u0119kszenia ich wymiaru obj\u0119tego podstaw\u0105 programow\u0105 nauczania danego zawodu i realizowane b\u0119d\u0105 z regu\u0142y w\u00a0systemie\u00a0miesi\u0119cznym\u00a0w\u00a0wymiarze\u00a0150\u00a0godzin.\u00a0Wszystkie\u00a0sta\u017ce\/praktyki\u00a0realizowane\u00a0b\u0119d\u0105\u00a0w\u00a0zak\u0142adach\u00a0pracy\u00a0u\u00a0pracodawc\u00f3w. Zadanie jest og\u00f3lnodost\u0119pne i w r\u00f3wnym stopniu dost\u0119pne dla kobiet i\u00a0m\u0119\u017cczyzn. W zakresie r\u00f3wno\u015bci p\u0142ci przewidziano dost\u0119p zgodny ze zdiagnozowanymi potrzebami, przy zachowaniu jednak priorytet\u00f3w pozwalaj\u0105cych wspiera\u0107 p\u0142e\u0107 uznan\u0105 tradycyjnie za mniej zainteresowan\u0105 dan\u0105 dziedzin\u0105 wiedzy.<\/p>\n<ol start=\"2\">\n<li><strong>Cykl zaj\u0119\u0107 przygotowuj\u0105cych do egzamin\u00f3w zawodowych wraz z organizacj\u0105 i\u00a0przeprowadzeniem\u00a0ko\u0144cz\u0105cych\u00a0je\u00a0pr\u00f3bnych\u00a0egzamin\u00f3w\u00a0zawodowych<\/strong><\/li>\n<\/ol>\n<p>Udzia\u0142 w zaj\u0119ciach we\u017amie 100% uczestnik\u00f3w tj. 2.275 uczni\u00f3w\/s\u0142uchaczy\u00a0 mog\u0105cych kszta\u0142ci\u0107 si\u0119\u00a0 w 42 zawodach. Zadanie ma na celu lepsze przygotowanie uczestnik\u00f3w do egzamin\u00f3w potwierdzaj\u0105cych kwalifikacje zawodowe i uzyskanie przez nich wy\u017cszych wynik\u00f3w na tych egzaminach, co w ko\u0144cowym efekcie wp\u0142yn\u0105\u0107 ma r\u00f3wnie\u017c na zwi\u0119kszenie ich szans w konkurowaniu o\u00a0lepsze\u00a0miejsce\u00a0na\u00a0rynku\u00a0pracy\u00a0po\u00a0opuszczeniu\u00a0szko\u0142y. Zaj\u0119cia\u00a0odbywa\u0107 si\u0119 b\u0119d\u0105 w formie teoretycznej lub praktycznej w\u00a0 grupach licz\u0105cych max. do 6 os. i ko\u0144czy\u0107 si\u0119 b\u0119d\u0105 pr\u00f3bnym egzaminem. \u00a0Zaplanowano dla ka\u017cdego uczestnika obowi\u0105zkowy udzia\u0142 w cyklu\u00a0min. 8 i max 48 godz. zaj\u0119\u0107 ko\u0144cz\u0105cych si\u0119\u00a0pr\u00f3bnym egzaminem zawodowym\u00a0\u00a0 Zadanie jest og\u00f3lnodost\u0119pne i w r\u00f3wnym stopniu dost\u0119pne dla kobiet i m\u0119\u017cczyzn. W zakresie r\u00f3wno\u015bci p\u0142ci przewidziano dost\u0119p zgodny ze\u00a0zdiagnozowanymi potrzebami, przy zachowaniu jednak priorytet\u00f3w pozwalaj\u0105cych wspiera\u0107 p\u0142e\u0107 uznan\u0105 tradycyjnie za mniej zainteresowan\u0105 dan\u0105 dziedzin\u0105 wiedzy.<\/p>\n<p>&nbsp;<\/p>\n<p><strong>Kontakt:<\/strong><\/p>\n<p><strong>Biuro Projektu:<\/strong><\/p>\n<p>Dolno\u015bl\u0105ska Szko\u0142a Policealna Medyczna im. Marii Sk\u0142odowskiej Curie we Wroc\u0142awiu,<\/p>\n<p>ul. Stawowa 24,<\/p>\n<p>50-518 Wroc\u0142aw<\/p>\n<p>pok\u00f3j nr 33<\/p>\n<p>e-mail: biuro <a href=\"mailto:projektu.wkz@dolnyslask.pl\">projektu.wkz@dolnyslask.pl<\/a> oraz <a href=\"mailto:monitoring.wkz@dolnyslask.pl\">monitoring.wkz@dolnyslask.pl<\/a><\/p>\n<p>Tel:<\/p>\n<p>798 716 712 &#8211; Grzegorz Kobak &#8211; Kierownik Biura Projektu<\/p>\n<p>572 672 735 &#8211; Piotr Grabowski &#8211; Specjalista ds. ewaluacji i monitoringu<\/p>\n","protected":false},"excerpt":{"rendered":"<p>Dane o projekcie: Tytu\u0142\u00a0projektu: Wsparcie\u00a0Kszta\u0142cenia\u00a0Zawodowego\u00a0\u2013\u00a0Poprawa\u00a0Efekt\u00f3w Nazwa\u00a0wnioskodawcy:\u00a0Wojew\u00f3dztwo\u00a0Dolno\u015bl\u0105skie Ca\u0142kowita\u00a0warto\u015b\u0107\u00a0projektu:\u00a011\u00a0511\u00a0500,00\u00a0z\u0142 Kwota\u00a0dofinansowania:\u00a09\u00a0784\u00a0775,00\u00a0z\u0142 Nazwa\u00a0Programu\u00a0Operacyjnego: Regionalny\u00a0Program\u00a0Operacyjny\u00a0Wojew\u00f3dztwa\u00a0Dolno\u015bl\u0105skiego\u00a0na\u00a0lata 2014-2020 Kr\u00f3tki opis projektu: Projekt realizowany jest w Partnerstwie 11 dolno\u015bl\u0105skich JST (Woj.Dolno\u015bl\u0105skiego, trzech miast na prawach Powiat\u00f3w: Legnicy, Wa\u0142brzycha [&hellip;]<\/p>\n","protected":false},"author":15,"featured_media":0,"parent":0,"menu_order":0,"comment_status":"closed","ping_status":"closed","template":"","meta":{"footnotes":""},"class_list":["post-1111","page","type-page","status-publish","hentry","clearfix"],"_links":{"self":[{"href":"https:\/\/medyk.wroclaw.dolnyslask.pl\/index.php\/wp-json\/wp\/v2\/pages\/1111","targetHints":{"allow":["GET"]}}],"collection":[{"href":"https:\/\/medyk.wroclaw.dolnyslask.pl\/index.php\/wp-json\/wp\/v2\/pages"}],"about":[{"href":"https:\/\/medyk.wroclaw.dolnyslask.pl\/index.php\/wp-json\/wp\/v2\/types\/page"}],"author":[{"embeddable":true,"href":"https:\/\/medyk.wroclaw.dolnyslask.pl\/index.php\/wp-json\/wp\/v2\/users\/15"}],"replies":[{"embeddable":true,"href":"https:\/\/medyk.wroclaw.dolnyslask.pl\/index.php\/wp-json\/wp\/v2\/comments?post=1111"}],"version-history":[{"count":5,"href":"https:\/\/medyk.wroclaw.dolnyslask.pl\/index.php\/wp-json\/wp\/v2\/pages\/1111\/revisions"}],"predecessor-version":[{"id":1187,"href":"https:\/\/medyk.wroclaw.dolnyslask.pl\/index.php\/wp-json\/wp\/v2\/pages\/1111\/revisions\/1187"}],"wp:attachment":[{"href":"https:\/\/medyk.wroclaw.dolnyslask.pl\/index.php\/wp-json\/wp\/v2\/media?parent=1111"}],"curies":[{"name":"wp","href":"https:\/\/api.w.org\/{rel}","templated":true}]}}

Skrócony Opis Projektu

<p><strong>Dane o projekcie:</strong></p>
<p>Tytuł projektu: Wsparcie Kształcenia Zawodowego – Poprawa Efektów</p>
<p>Nazwa wnioskodawcy: Województwo Dolnośląskie</p>
<p>Całkowita wartość projektu: 11 511 500,00 zł</p>
<p>Kwota dofinansowania: 9 784 775,00 zł</p>
<p>Nazwa Programu Operacyjnego: Regionalny Program Operacyjny Województwa Dolnośląskiego na lata 2014-2020</p>
<p><strong>Krótki opis projektu:</strong></p>
<p style="text-align: left;">Projekt realizowany jest w Partnerstwie 11 dolnośląskich JST (Woj.Dolnośląskiego, trzech miast na prawach Powiatów: Legnicy, Wałbrzycha i Wrocławia i siedmiu Powiatów: Bolesławieckiego, Kłodzkiego, Lubińskiego, Lwóweckiego, Oleśnickiego, Świdnickiego, Wrocławskiego). Województwo Dolnośląskie jest w projekcie Partnerem Wiodącym. Partnerzy zakładają realizację projektu przy udziale Realizatorów tj. 53 szkół i placówek edukacyjnych. Głównym celem projektu jest objęcie  kompleksowym wsparciem uczniów dolnośląskich szkół zawodowych i techników.  Wzrost ich kompetencji i umiejętności odnajdywania się na rynku pracy przełozyć ma sie na wyraźny wzrost zatrudnienia. Cel ten zostanie osiągnięty poprzez zaplanowane w projekcie dwie formy wsparcia (staże/praktyki zawodowe u pracodawców oraz cykl zajęć z przedmiotów zawodowych przygotowujących do egzaminu zawodowego, który kończyć się będzie obowiązkowym dla uczestnika próbnym egzaminem zawodowym), których efektem ma być lepsze przygotowanie uczniów/słuchaczy do wykonywania pracy w wyuczonym zawodzie i aktywnego funkcjonowania na rynku pracy.</p>
<p><strong>Formy wsparcia: </strong></p>
<ol>
<li style="text-align: left;"><strong>Staże/Praktyki zawodowe dla uczniów/słuchaczy u pracodawców</strong></li>
</ol>
<p>W stażach weźmie udział 1820 osób tj. 80% uczestników projektu. Zadanie ma na celu lepsze przygotowanie uczestników/słuchaczy do wykonywania pracy w wyuczonym w danej szkole zawodzie i aktywnego ich funkcjonowania na zmieniającym się rynku pracy.  Staże/praktyki zawodowe mają w założeniu wykraczać poza zakres praktycznego kształcenia zawodowego w celu zwiększenia ich wymiaru objętego podstawą programową nauczania danego zawodu i realizowane będą z reguły w systemie miesięcznym w wymiarze 150 godzin. Wszystkie staże/praktyki realizowane będą w zakładach pracy u pracodawców. Zadanie jest ogólnodostępne i w równym stopniu dostępne dla kobiet i mężczyzn. W zakresie równości płci przewidziano dostęp zgodny ze zdiagnozowanymi potrzebami, przy zachowaniu jednak priorytetów pozwalających wspierać płeć uznaną tradycyjnie za mniej zainteresowaną daną dziedziną wiedzy.</p>
<ol start="2">
<li><strong>Cykl zajęć przygotowujących do egzaminów zawodowych wraz z organizacją i przeprowadzeniem kończących je próbnych egzaminów zawodowych</strong></li>
</ol>
<p>Udział w zajęciach weźmie 100% uczestników tj. 2.275 uczniów/słuchaczy  mogących kształcić się  w 42 zawodach. Zadanie ma na celu lepsze przygotowanie uczestników do egzaminów potwierdzających kwalifikacje zawodowe i uzyskanie przez nich wyższych wyników na tych egzaminach, co w końcowym efekcie wpłynąć ma również na zwiększenie ich szans w konkurowaniu o lepsze miejsce na rynku pracy po opuszczeniu szkoły. Zajęcia odbywać się będą w formie teoretycznej lub praktycznej w  grupach liczących max. do 6 os. i kończyć się będą próbnym egzaminem.  Zaplanowano dla każdego uczestnika obowiązkowy udział w cyklu min. 8 i max 48 godz. zajęć kończących się próbnym egzaminem zawodowym   Zadanie jest ogólnodostępne i w równym stopniu dostępne dla kobiet i mężczyzn. W zakresie równości płci przewidziano dostęp zgodny ze zdiagnozowanymi potrzebami, przy zachowaniu jednak priorytetów pozwalających wspierać płeć uznaną tradycyjnie za mniej zainteresowaną daną dziedziną wiedzy.</p>
<p>&nbsp;</p>
<p><strong>Kontakt:</strong></p>
<p><strong>Biuro Projektu:</strong></p>
<p>Dolnośląska Szkoła Policealna Medyczna im. Marii Skłodowskiej Curie we Wrocławiu,</p>
<p>ul. Stawowa 24,</p>
<p>50-518 Wrocław</p>
<p>pokój nr 33</p>
<p>e-mail: biuro <a href="mailto:projektu.wkz@dolnyslask.pl">projektu.wkz@dolnyslask.pl</a> oraz <a href="mailto:monitoring.wkz@dolnyslask.pl">monitoring.wkz@dolnyslask.pl</a></p>
<p>Tel:</p>
<p>798 716 712 &#8211; Grzegorz Kobak &#8211; Kierownik Biura Projektu</p>
<p>572 672 735 &#8211; Piotr Grabowski &#8211; Specjalista ds. ewaluacji i monitoringu</p>

<p>Dane o projekcie: Tytuł projektu: Wsparcie Kształcenia Zawodowego – Poprawa Efektów Nazwa wnioskodawcy: Województwo Dolnośląskie Całkowita wartość projektu: 11 511 500,00 zł Kwota dofinansowania: 9 784 775,00 zł Nazwa Programu Operacyjnego: Regionalny Program Operacyjny Województwa Dolnośląskiego na lata 2014-2020 Krótki opis projektu: Projekt realizowany jest w Partnerstwie 11 dolnośląskich JST (Woj.Dolnośląskiego, trzech miast na prawach Powiatów: Legnicy, Wałbrzycha [&hellip;]</p>
