{"id":1227,"date":"2022-01-10T12:15:39","date_gmt":"2022-01-10T11:15:39","guid":{"rendered":"http:\/\/medyk.wroclaw.dolnyslask.pl\/?page_id=1227"},"modified":"2022-01-10T12:18:25","modified_gmt":"2022-01-10T11:18:25","slug":"2022-swidnica","status":"publish","type":"page","link":"https:\/\/medyk.wroclaw.dolnyslask.pl\/index.php\/2022-swidnica\/","title":{"rendered":"2022 \u015awidnica"},"content":{"rendered":"<p>Stycze\u0144<\/p>\n<p><a href=\"http:\/\/medyk.wroclaw.dolnyslask.pl\/wp-content\/uploads\/2022\/01\/Harmonogram-ZSM-styczen-2022.doc\">Harmonogram ZSM stycze\u0144 2022<\/a><\/p>\n<p><a href=\"http:\/\/medyk.wroclaw.dolnyslask.pl\/wp-content\/uploads\/2022\/01\/Harmonogram-ZSHT-styczen-2022.doc\">Harmonogram ZSHT stycze\u0144 2022<\/a><\/p>\n<p><a href=\"http:\/\/medyk.wroclaw.dolnyslask.pl\/wp-content\/uploads\/2022\/01\/Harmonogram-ZSE-styczen-2022.doc\">Harmonogram ZSE stycze\u0144 2022<\/a><\/p>\n<p><a href=\"http:\/\/medyk.wroclaw.dolnyslask.pl\/wp-content\/uploads\/2022\/01\/Harmonogram-ZSBE-Swidnica-styczen-2022.doc\">Harmonogram ZSBE \u015awidnica stycze\u0144 2022<\/a><\/p>\n<p><a href=\"http:\/\/medyk.wroclaw.dolnyslask.pl\/wp-content\/uploads\/2022\/01\/Harmonogram-ZS-Zarow-styczen-2022.doc\">Harmonogram ZS \u017bar\u00f3w stycze\u0144 2022<\/a><\/p>\n<p><a href=\"http:\/\/medyk.wroclaw.dolnyslask.pl\/wp-content\/uploads\/2022\/01\/Harmonogram-ZS-Strzegom-styczen-2022.doc\">Harmonogram ZS Strzegom stycze\u0144 2022<\/a><\/p>\n<p><a href=\"http:\/\/medyk.wroclaw.dolnyslask.pl\/wp-content\/uploads\/2022\/01\/Harmonogram-ZS-nr-1-styczen-2022.docx\">Harmonogram ZS nr 1 stycze\u0144 2022<\/a><\/p>\n","protected":false},"excerpt":{"rendered":"<p>Stycze\u0144 Harmonogram ZSM stycze\u0144 2022 Harmonogram ZSHT stycze\u0144 2022 Harmonogram ZSE stycze\u0144 2022 Harmonogram ZSBE \u015awidnica stycze\u0144 2022 Harmonogram ZS \u017bar\u00f3w stycze\u0144 2022 Harmonogram ZS Strzegom stycze\u0144 2022 Harmonogram ZS [&hellip;]<\/p>\n","protected":false},"author":15,"featured_media":0,"parent":0,"menu_order":0,"comment_status":"closed","ping_status":"closed","template":"","meta":{"footnotes":""},"class_list":["post-1227","page","type-page","status-publish","hentry","clearfix"],"_links":{"self":[{"href":"https:\/\/medyk.wroclaw.dolnyslask.pl\/index.php\/wp-json\/wp\/v2\/pages\/1227","targetHints":{"allow":["GET"]}}],"collection":[{"href":"https:\/\/medyk.wroclaw.dolnyslask.pl\/index.php\/wp-json\/wp\/v2\/pages"}],"about":[{"href":"https:\/\/medyk.wroclaw.dolnyslask.pl\/index.php\/wp-json\/wp\/v2\/types\/page"}],"author":[{"embeddable":true,"href":"https:\/\/medyk.wroclaw.dolnyslask.pl\/index.php\/wp-json\/wp\/v2\/users\/15"}],"replies":[{"embeddable":true,"href":"https:\/\/medyk.wroclaw.dolnyslask.pl\/index.php\/wp-json\/wp\/v2\/comments?post=1227"}],"version-history":[{"count":3,"href":"https:\/\/medyk.wroclaw.dolnyslask.pl\/index.php\/wp-json\/wp\/v2\/pages\/1227\/revisions"}],"predecessor-version":[{"id":1235,"href":"https:\/\/medyk.wroclaw.dolnyslask.pl\/index.php\/wp-json\/wp\/v2\/pages\/1227\/revisions\/1235"}],"wp:attachment":[{"href":"https:\/\/medyk.wroclaw.dolnyslask.pl\/index.php\/wp-json\/wp\/v2\/media?parent=1227"}],"curies":[{"name":"wp","href":"https:\/\/api.w.org\/{rel}","templated":true}]}}