{"id":1421,"date":"2022-01-26T09:25:05","date_gmt":"2022-01-26T08:25:05","guid":{"rendered":"http:\/\/medyk.wroclaw.dolnyslask.pl\/?page_id=1421"},"modified":"2022-01-26T09:46:44","modified_gmt":"2022-01-26T08:46:44","slug":"klodzko-grudzien-2021","status":"publish","type":"page","link":"https:\/\/medyk.wroclaw.dolnyslask.pl\/index.php\/klodzko-grudzien-2021\/","title":{"rendered":"K\u0142odzko Grudzie\u0144 2021"},"content":{"rendered":"<p>Grudzie\u0144 2021<\/p>\n<p><a href=\"http:\/\/medyk.wroclaw.dolnyslask.pl\/wp-content\/uploads\/2022\/01\/Harmonogram-wsparcia-grudzien-2021-ZST.doc\">Harmonogram wsparcia grudzie\u0144 2021 ZST<\/a><\/p>\n<p><a href=\"http:\/\/medyk.wroclaw.dolnyslask.pl\/wp-content\/uploads\/2022\/01\/Harmonogram_wsparcia-12.2021-RST.doc\">Harmonogram_wsparcia &#8211; 12.2021 &#8211; RST<\/a><\/p>\n<p><a href=\"http:\/\/medyk.wroclaw.dolnyslask.pl\/wp-content\/uploads\/2022\/01\/Harmonogram_wsparcia-informatycy-NST-grudzien.docx\">Harmonogram_wsparcia informatycy NST grudzie\u0144<\/a><\/p>\n","protected":false},"excerpt":{"rendered":"<p>Grudzie\u0144 2021 Harmonogram wsparcia grudzie\u0144 2021 ZST Harmonogram_wsparcia &#8211; 12.2021 &#8211; RST Harmonogram_wsparcia informatycy NST grudzie\u0144<\/p>\n","protected":false},"author":15,"featured_media":0,"parent":0,"menu_order":0,"comment_status":"closed","ping_status":"closed","template":"","meta":{"footnotes":""},"class_list":["post-1421","page","type-page","status-publish","hentry","clearfix"],"_links":{"self":[{"href":"https:\/\/medyk.wroclaw.dolnyslask.pl\/index.php\/wp-json\/wp\/v2\/pages\/1421","targetHints":{"allow":["GET"]}}],"collection":[{"href":"https:\/\/medyk.wroclaw.dolnyslask.pl\/index.php\/wp-json\/wp\/v2\/pages"}],"about":[{"href":"https:\/\/medyk.wroclaw.dolnyslask.pl\/index.php\/wp-json\/wp\/v2\/types\/page"}],"author":[{"embeddable":true,"href":"https:\/\/medyk.wroclaw.dolnyslask.pl\/index.php\/wp-json\/wp\/v2\/users\/15"}],"replies":[{"embeddable":true,"href":"https:\/\/medyk.wroclaw.dolnyslask.pl\/index.php\/wp-json\/wp\/v2\/comments?post=1421"}],"version-history":[{"count":3,"href":"https:\/\/medyk.wroclaw.dolnyslask.pl\/index.php\/wp-json\/wp\/v2\/pages\/1421\/revisions"}],"predecessor-version":[{"id":1440,"href":"https:\/\/medyk.wroclaw.dolnyslask.pl\/index.php\/wp-json\/wp\/v2\/pages\/1421\/revisions\/1440"}],"wp:attachment":[{"href":"https:\/\/medyk.wroclaw.dolnyslask.pl\/index.php\/wp-json\/wp\/v2\/media?parent=1421"}],"curies":[{"name":"wp","href":"https:\/\/api.w.org\/{rel}","templated":true}]}}