{"id":2585,"date":"2022-07-08T08:56:02","date_gmt":"2022-07-08T06:56:02","guid":{"rendered":"http:\/\/medyk.wroclaw.dolnyslask.pl\/?page_id=2585"},"modified":"2022-07-08T08:56:06","modified_gmt":"2022-07-08T06:56:06","slug":"2022-swidnica-kwiecien","status":"publish","type":"page","link":"https:\/\/medyk.wroclaw.dolnyslask.pl\/index.php\/2022-swidnica-kwiecien\/","title":{"rendered":"2022 \u015awidnica Kwiecie\u0144"},"content":{"rendered":"<p><a href=\"http:\/\/medyk.wroclaw.dolnyslask.pl\/wp-content\/uploads\/2022\/07\/Harmonogram-CKZ-w-Swidnicy-kwiecien-2022.doc\">Harmonogram CKZ w \u015awidnicy kwiecie\u0144 2022<\/a><\/p>\n<p><a href=\"http:\/\/medyk.wroclaw.dolnyslask.pl\/wp-content\/uploads\/2022\/07\/Harmonogram-ZS-w-Strzegomiu-kwiecien-2022.docx\">Harmonogram ZS w Strzegomiu kwiecie\u0144 2022<\/a><\/p>\n<p><a href=\"http:\/\/medyk.wroclaw.dolnyslask.pl\/wp-content\/uploads\/2022\/07\/Harmonogram-ZS-w-Zarowie-kwiecien-2022.doc\">Harmonogram ZS w \u017barowie kwiecie\u0144 2022<\/a><\/p>\n<p><a href=\"http:\/\/medyk.wroclaw.dolnyslask.pl\/wp-content\/uploads\/2022\/07\/Harmonogram-ZSBE-w-Swidnicy-kwiecien-2022.doc\">Harmonogram ZSBE w \u015awidnicy kwiecie\u0144 2022<\/a><\/p>\n<p><a href=\"http:\/\/medyk.wroclaw.dolnyslask.pl\/wp-content\/uploads\/2022\/07\/Harmonogram-ZSE-w-Swidnicy-kwiecien-2022.doc\">Harmonogram ZSE w \u015awidnicy kwiecie\u0144 2022<\/a><\/p>\n<p><a href=\"http:\/\/medyk.wroclaw.dolnyslask.pl\/wp-content\/uploads\/2022\/07\/Harmonogram-ZSHT-w-Swidnicy-kwiecien-2022.doc\">Harmonogram ZSHT w \u015awidnicy kwiecie\u0144 2022<\/a><\/p>\n<p><a href=\"http:\/\/medyk.wroclaw.dolnyslask.pl\/wp-content\/uploads\/2022\/07\/Harmonogram-ZSM-w-Swidnicy-kwiecien-2022.doc\">Harmonogram ZSM w \u015awidnicy kwiecie\u0144 2022<\/a><\/p>\n","protected":false},"excerpt":{"rendered":"<p>Harmonogram CKZ w \u015awidnicy kwiecie\u0144 2022 Harmonogram ZS w Strzegomiu kwiecie\u0144 2022 Harmonogram ZS w \u017barowie kwiecie\u0144 2022 Harmonogram ZSBE w \u015awidnicy kwiecie\u0144 2022 Harmonogram ZSE w \u015awidnicy kwiecie\u0144 2022 [&hellip;]<\/p>\n","protected":false},"author":15,"featured_media":0,"parent":0,"menu_order":0,"comment_status":"closed","ping_status":"closed","template":"","meta":{"footnotes":""},"class_list":["post-2585","page","type-page","status-publish","hentry","clearfix"],"_links":{"self":[{"href":"https:\/\/medyk.wroclaw.dolnyslask.pl\/index.php\/wp-json\/wp\/v2\/pages\/2585","targetHints":{"allow":["GET"]}}],"collection":[{"href":"https:\/\/medyk.wroclaw.dolnyslask.pl\/index.php\/wp-json\/wp\/v2\/pages"}],"about":[{"href":"https:\/\/medyk.wroclaw.dolnyslask.pl\/index.php\/wp-json\/wp\/v2\/types\/page"}],"author":[{"embeddable":true,"href":"https:\/\/medyk.wroclaw.dolnyslask.pl\/index.php\/wp-json\/wp\/v2\/users\/15"}],"replies":[{"embeddable":true,"href":"https:\/\/medyk.wroclaw.dolnyslask.pl\/index.php\/wp-json\/wp\/v2\/comments?post=2585"}],"version-history":[{"count":1,"href":"https:\/\/medyk.wroclaw.dolnyslask.pl\/index.php\/wp-json\/wp\/v2\/pages\/2585\/revisions"}],"predecessor-version":[{"id":2609,"href":"https:\/\/medyk.wroclaw.dolnyslask.pl\/index.php\/wp-json\/wp\/v2\/pages\/2585\/revisions\/2609"}],"wp:attachment":[{"href":"https:\/\/medyk.wroclaw.dolnyslask.pl\/index.php\/wp-json\/wp\/v2\/media?parent=2585"}],"curies":[{"name":"wp","href":"https:\/\/api.w.org\/{rel}","templated":true}]}}