{"id":2612,"date":"2022-07-08T08:57:14","date_gmt":"2022-07-08T06:57:14","guid":{"rendered":"http:\/\/medyk.wroclaw.dolnyslask.pl\/?page_id=2612"},"modified":"2022-07-08T08:57:19","modified_gmt":"2022-07-08T06:57:19","slug":"2022-swidnica-maj","status":"publish","type":"page","link":"https:\/\/medyk.wroclaw.dolnyslask.pl\/index.php\/2022-swidnica-maj\/","title":{"rendered":"2022 \u015awidnica Maj"},"content":{"rendered":"<p><a href=\"http:\/\/medyk.wroclaw.dolnyslask.pl\/wp-content\/uploads\/2022\/07\/Harmonogram-CKZ-w-Swidnicy-maj-2022.doc\">Harmonogram CKZ w \u015awidnicy maj 2022<\/a><\/p>\n<p><a href=\"http:\/\/medyk.wroclaw.dolnyslask.pl\/wp-content\/uploads\/2022\/07\/Harmonogram-ZS-nr-1-w-Swidnicy-maj-2022.docx\">Harmonogram ZS nr 1 w \u015awidnicy maj 2022<\/a><\/p>\n<p><a href=\"http:\/\/medyk.wroclaw.dolnyslask.pl\/wp-content\/uploads\/2022\/07\/Harmonogram-ZS-w-Strzegomiu-maj-2022.doc\">Harmonogram ZS w Strzegomiu maj 2022<\/a><\/p>\n<p><a href=\"http:\/\/medyk.wroclaw.dolnyslask.pl\/wp-content\/uploads\/2022\/07\/Harmonogram-ZS-w-Zarowie-maj-2022.docx\">Harmonogram ZS w \u017barowie maj 2022<\/a><\/p>\n<p><a href=\"http:\/\/medyk.wroclaw.dolnyslask.pl\/wp-content\/uploads\/2022\/07\/Harmonogram-ZSBE-w-Swidnicy-maj-2022.doc\">Harmonogram ZSBE w \u015awidnicy maj 2022<\/a><\/p>\n<p><a href=\"http:\/\/medyk.wroclaw.dolnyslask.pl\/wp-content\/uploads\/2022\/07\/Harmonogram-ZSE-w-Swidnicy-maj-2022.doc\">Harmonogram ZSE w \u015awidnicy maj 2022<\/a><\/p>\n<p><a href=\"http:\/\/medyk.wroclaw.dolnyslask.pl\/wp-content\/uploads\/2022\/07\/Harmonogram-ZSHT-w-Swidnicy-maj-2022.doc\">Harmonogram ZSHT w \u015awidnicy maj 2022<\/a><\/p>\n<p><a href=\"http:\/\/medyk.wroclaw.dolnyslask.pl\/wp-content\/uploads\/2022\/07\/Harmonogram-ZSM-w-Swidnicy-maj-2022.doc\">Harmonogram ZSM w \u015awidnicy maj 2022<\/a><\/p>\n","protected":false},"excerpt":{"rendered":"<p>Harmonogram CKZ w \u015awidnicy maj 2022 Harmonogram ZS nr 1 w \u015awidnicy maj 2022 Harmonogram ZS w Strzegomiu maj 2022 Harmonogram ZS w \u017barowie maj 2022 Harmonogram ZSBE w \u015awidnicy [&hellip;]<\/p>\n","protected":false},"author":15,"featured_media":0,"parent":0,"menu_order":0,"comment_status":"closed","ping_status":"closed","template":"","meta":{"footnotes":""},"class_list":["post-2612","page","type-page","status-publish","hentry","clearfix"],"_links":{"self":[{"href":"https:\/\/medyk.wroclaw.dolnyslask.pl\/index.php\/wp-json\/wp\/v2\/pages\/2612","targetHints":{"allow":["GET"]}}],"collection":[{"href":"https:\/\/medyk.wroclaw.dolnyslask.pl\/index.php\/wp-json\/wp\/v2\/pages"}],"about":[{"href":"https:\/\/medyk.wroclaw.dolnyslask.pl\/index.php\/wp-json\/wp\/v2\/types\/page"}],"author":[{"embeddable":true,"href":"https:\/\/medyk.wroclaw.dolnyslask.pl\/index.php\/wp-json\/wp\/v2\/users\/15"}],"replies":[{"embeddable":true,"href":"https:\/\/medyk.wroclaw.dolnyslask.pl\/index.php\/wp-json\/wp\/v2\/comments?post=2612"}],"version-history":[{"count":1,"href":"https:\/\/medyk.wroclaw.dolnyslask.pl\/index.php\/wp-json\/wp\/v2\/pages\/2612\/revisions"}],"predecessor-version":[{"id":2639,"href":"https:\/\/medyk.wroclaw.dolnyslask.pl\/index.php\/wp-json\/wp\/v2\/pages\/2612\/revisions\/2639"}],"wp:attachment":[{"href":"https:\/\/medyk.wroclaw.dolnyslask.pl\/index.php\/wp-json\/wp\/v2\/media?parent=2612"}],"curies":[{"name":"wp","href":"https:\/\/api.w.org\/{rel}","templated":true}]}}