{"id":2819,"date":"2022-07-11T08:45:30","date_gmt":"2022-07-11T06:45:30","guid":{"rendered":"http:\/\/medyk.wroclaw.dolnyslask.pl\/?page_id=2819"},"modified":"2022-07-11T08:45:37","modified_gmt":"2022-07-11T06:45:37","slug":"powiat-olesnicki-maj-2022","status":"publish","type":"page","link":"https:\/\/medyk.wroclaw.dolnyslask.pl\/index.php\/powiat-olesnicki-maj-2022\/","title":{"rendered":"Powiat Ole\u015bnicki Maj 2022"},"content":{"rendered":"<p><a href=\"http:\/\/medyk.wroclaw.dolnyslask.pl\/wp-content\/uploads\/2022\/07\/KOREKTA-Harmonogram-na-maj-2022.doc\">KOREKTA Harmonogram na maj 2022<\/a><\/p>\n<p><a href=\"http:\/\/medyk.wroclaw.dolnyslask.pl\/wp-content\/uploads\/2022\/07\/Harmonogram-za-maj-ZSP-Bierutow.docx\">Harmonogram za maj &#8211; ZSP Bierut\u00f3w<\/a><\/p>\n<p><a href=\"http:\/\/medyk.wroclaw.dolnyslask.pl\/wp-content\/uploads\/2022\/07\/Harmonogram-za-maj-ZSP-Miedzyborz.doc\">Harmonogram za maj &#8211; ZSP Mi\u0119dzyb\u00f3rz<\/a><\/p>\n","protected":false},"excerpt":{"rendered":"<p>KOREKTA Harmonogram na maj 2022 Harmonogram za maj &#8211; ZSP Bierut\u00f3w Harmonogram za maj &#8211; ZSP Mi\u0119dzyb\u00f3rz<\/p>\n","protected":false},"author":15,"featured_media":0,"parent":0,"menu_order":0,"comment_status":"closed","ping_status":"closed","template":"","meta":{"footnotes":""},"class_list":["post-2819","page","type-page","status-publish","hentry","clearfix"],"_links":{"self":[{"href":"https:\/\/medyk.wroclaw.dolnyslask.pl\/index.php\/wp-json\/wp\/v2\/pages\/2819","targetHints":{"allow":["GET"]}}],"collection":[{"href":"https:\/\/medyk.wroclaw.dolnyslask.pl\/index.php\/wp-json\/wp\/v2\/pages"}],"about":[{"href":"https:\/\/medyk.wroclaw.dolnyslask.pl\/index.php\/wp-json\/wp\/v2\/types\/page"}],"author":[{"embeddable":true,"href":"https:\/\/medyk.wroclaw.dolnyslask.pl\/index.php\/wp-json\/wp\/v2\/users\/15"}],"replies":[{"embeddable":true,"href":"https:\/\/medyk.wroclaw.dolnyslask.pl\/index.php\/wp-json\/wp\/v2\/comments?post=2819"}],"version-history":[{"count":1,"href":"https:\/\/medyk.wroclaw.dolnyslask.pl\/index.php\/wp-json\/wp\/v2\/pages\/2819\/revisions"}],"predecessor-version":[{"id":2831,"href":"https:\/\/medyk.wroclaw.dolnyslask.pl\/index.php\/wp-json\/wp\/v2\/pages\/2819\/revisions\/2831"}],"wp:attachment":[{"href":"https:\/\/medyk.wroclaw.dolnyslask.pl\/index.php\/wp-json\/wp\/v2\/media?parent=2819"}],"curies":[{"name":"wp","href":"https:\/\/api.w.org\/{rel}","templated":true}]}}