{"id":3140,"date":"2022-07-15T11:02:29","date_gmt":"2022-07-15T09:02:29","guid":{"rendered":"http:\/\/medyk.wroclaw.dolnyslask.pl\/?page_id=3140"},"modified":"2022-07-15T11:02:38","modified_gmt":"2022-07-15T09:02:38","slug":"powiat-lwowecki-grudzien-2021","status":"publish","type":"page","link":"https:\/\/medyk.wroclaw.dolnyslask.pl\/index.php\/powiat-lwowecki-grudzien-2021\/","title":{"rendered":"Powiat Lw\u00f3wecki Grudzie\u0144 2021"},"content":{"rendered":"<p><a href=\"http:\/\/medyk.wroclaw.dolnyslask.pl\/wp-content\/uploads\/2022\/07\/Harmonogram-wrzesien-grudzien-ZSOiZ-Gryfow-technik-informatyk.docx\">Harmonogram wrzesie\u0144-grudzie\u0144 ZSOiZ Gryf\u00f3w &#8211; technik informatyk<\/a><\/p>\n<p><a href=\"http:\/\/medyk.wroclaw.dolnyslask.pl\/wp-content\/uploads\/2022\/07\/Harmonogram-wrzesien-grudzien-ZSOiZ-Gryfow-technik-lesnik.docx\">Harmonogram wrzesie\u0144-grudzie\u0144 ZSOiZ Gryf\u00f3w &#8211; technik le\u015bnik<\/a><\/p>\n<p><a href=\"http:\/\/medyk.wroclaw.dolnyslask.pl\/wp-content\/uploads\/2022\/07\/Harm_wsparcia-grudzien-2021-ZSOiZ-w-Lwowku-Slaskim.doc\">Harm_wsparcia grudzie\u0144 2021 ZSOiZ w Lw\u00f3wku \u015al\u0105skim<\/a><\/p>\n","protected":false},"excerpt":{"rendered":"<p>Harmonogram wrzesie\u0144-grudzie\u0144 ZSOiZ Gryf\u00f3w &#8211; technik informatyk Harmonogram wrzesie\u0144-grudzie\u0144 ZSOiZ Gryf\u00f3w &#8211; technik le\u015bnik Harm_wsparcia grudzie\u0144 2021 ZSOiZ w Lw\u00f3wku \u015al\u0105skim<\/p>\n","protected":false},"author":15,"featured_media":0,"parent":0,"menu_order":0,"comment_status":"closed","ping_status":"closed","template":"","meta":{"footnotes":""},"class_list":["post-3140","page","type-page","status-publish","hentry","clearfix"],"_links":{"self":[{"href":"https:\/\/medyk.wroclaw.dolnyslask.pl\/index.php\/wp-json\/wp\/v2\/pages\/3140","targetHints":{"allow":["GET"]}}],"collection":[{"href":"https:\/\/medyk.wroclaw.dolnyslask.pl\/index.php\/wp-json\/wp\/v2\/pages"}],"about":[{"href":"https:\/\/medyk.wroclaw.dolnyslask.pl\/index.php\/wp-json\/wp\/v2\/types\/page"}],"author":[{"embeddable":true,"href":"https:\/\/medyk.wroclaw.dolnyslask.pl\/index.php\/wp-json\/wp\/v2\/users\/15"}],"replies":[{"embeddable":true,"href":"https:\/\/medyk.wroclaw.dolnyslask.pl\/index.php\/wp-json\/wp\/v2\/comments?post=3140"}],"version-history":[{"count":1,"href":"https:\/\/medyk.wroclaw.dolnyslask.pl\/index.php\/wp-json\/wp\/v2\/pages\/3140\/revisions"}],"predecessor-version":[{"id":3152,"href":"https:\/\/medyk.wroclaw.dolnyslask.pl\/index.php\/wp-json\/wp\/v2\/pages\/3140\/revisions\/3152"}],"wp:attachment":[{"href":"https:\/\/medyk.wroclaw.dolnyslask.pl\/index.php\/wp-json\/wp\/v2\/media?parent=3140"}],"curies":[{"name":"wp","href":"https:\/\/api.w.org\/{rel}","templated":true}]}}