{"id":476,"date":"2021-08-16T12:39:06","date_gmt":"2021-08-16T10:39:06","guid":{"rendered":"http:\/\/medyk.wroclaw.dolnyslask.pl\/?page_id=476"},"modified":"2022-08-11T20:06:30","modified_gmt":"2022-08-11T18:06:30","slug":"technik-dentystyczny-3","status":"publish","type":"page","link":"https:\/\/medyk.wroclaw.dolnyslask.pl\/index.php\/technik-dentystyczny-3\/","title":{"rendered":"Technik dentystyczny"},"content":{"rendered":"<h2>Technika dentystyczna &#8211; rok powstania 1947<\/h2>\n<p><img loading=\"lazy\" decoding=\"async\" class=\"wp-image-3260 alignleft\" src=\"http:\/\/medyk.wroclaw.dolnyslask.pl\/wp-content\/uploads\/2022\/08\/stomatolodzy-296x300.png\" alt=\"\" width=\"243\" height=\"247\" srcset=\"https:\/\/medyk.wroclaw.dolnyslask.pl\/wp-content\/uploads\/2022\/08\/stomatolodzy-296x300.png 296w, https:\/\/medyk.wroclaw.dolnyslask.pl\/wp-content\/uploads\/2022\/08\/stomatolodzy.png 542w\" sizes=\"auto, (max-width: 243px) 100vw, 243px\" \/>Szko\u0142a jest plac\u00f3wk\u0105 publiczn\u0105, do kt\u00f3rej mo\u017ce ucz\u0119szcza\u0107 ka\u017cdy absolwent szko\u0142y \u015bredniej, bez ograniczenia wieku, bez matury, bez czesnego oraz bez egzamin\u00f3w wst\u0119pnych.<\/p>\n<p><strong>Szko\u0142a ma wspania\u0142\u0105 lokalizacj\u0119<\/strong>\u00a0w bezpo\u015bredniej blisko\u015bci Dworca G\u0142\u00f3wnego, co zapewnia dogodn\u0105 komunikacj\u0119 zar\u00f3wno w obr\u0119bie Wroc\u0142awia jak i teren\u00f3w do niego przylegaj\u0105cych.<\/p>\n<p>Nauka na kierunku techniki dentystycznej trwa trwa<strong>\u00a05 semestr\u00f3w (2,5 roku)<\/strong>. Zaj\u0119cia odbywaj\u0105 si\u0119 w systemie stacjonarnym pi\u0119ciodniowym.<\/p>\n<p>Na zako\u0144czenie edukacji ucze\u0144 przyst\u0119puje do Pa\u0144stwowego Egzaminu Potwierdzaj\u0105cego Kwalifikacje Zawodowe, a po jego zdaniu otrzymuje dyplom z suplementem w j\u0119zyku polskim i angielskim zgodny z EUROPASS z tytu\u0142em zawodowym &#8211; Technik Dentystyczny. Te kwalifikacjezawodowe uprawniaj\u0105 do podj\u0119cia pracy w Uni Europejskiej i na \u015bwiecie.<\/p>\n<p><strong><img loading=\"lazy\" decoding=\"async\" class=\"wp-image-3317 alignright\" src=\"http:\/\/medyk.wroclaw.dolnyslask.pl\/wp-content\/uploads\/2022\/08\/96233426_3072546139455853_9146182734287208448_n-300x225.jpg\" alt=\"\" width=\"411\" height=\"308\" srcset=\"https:\/\/medyk.wroclaw.dolnyslask.pl\/wp-content\/uploads\/2022\/08\/96233426_3072546139455853_9146182734287208448_n-300x225.jpg 300w, https:\/\/medyk.wroclaw.dolnyslask.pl\/wp-content\/uploads\/2022\/08\/96233426_3072546139455853_9146182734287208448_n-768x576.jpg 768w, https:\/\/medyk.wroclaw.dolnyslask.pl\/wp-content\/uploads\/2022\/08\/96233426_3072546139455853_9146182734287208448_n.jpg 960w\" sizes=\"auto, (max-width: 411px) 100vw, 411px\" \/>G\u0142\u00f3wne atuty szko\u0142y to:<\/strong><\/p>\n<ul>\n<li>szko\u0142a z tradycjami, przyjazna dla ucznia,<\/li>\n<li>wysoko wykwalifikowana kadra pedagogiczna z uprawnieniami egzaminator\u00f3w,<\/li>\n<li>wdra\u017canie nowoczesnych technologii zawodowych,<\/li>\n<li>w pe\u0142ni wyposa\u017coneindywidualne stanowiska pracy dla ka\u017cdego ucznia,<\/li>\n<li>wsp\u00f3\u0142praca z wiod\u0105cymi firmami protetycznymi w zakresie kszta\u0142cenia zawodowego, szkole\u0144 zawodowych,<\/li>\n<li>oferty pracy, sta\u017cy i praktyk zawodowych,<\/li>\n<li>najwy\u017csza jako\u015b\u0107 kszta\u0142cenia poparta wynikami egzamin\u00f3w zewn\u0119trznych \/100%\/ zdawalno\u015bci\/ oraz ocenami pracodawc\u00f3w,<\/li>\n<li>biblioteka szkolna dobrze zaopatrzona w podr\u0119czniki i czasopisma zawodowe oraz stanowiska komputerowe.<\/li>\n<\/ul>\n<p>&nbsp;<\/p>\n<p><img loading=\"lazy\" decoding=\"async\" class=\"alignleft wp-image-3323\" src=\"http:\/\/medyk.wroclaw.dolnyslask.pl\/wp-content\/uploads\/2022\/08\/246736983_341509821109186_492152448393358660_n-e1660240150496-300x192.jpg\" alt=\"\" width=\"356\" height=\"228\" \/><\/p>\n<p style=\"text-align: left;\">W programie nauczania zawarte s\u0105 najnowocze\u015bniejsze rozwi\u0105zania technologiczne w technice dentystycznej i ortodontycznej. Uczniowie wykonuj\u0105 prace z kompozytu, ceramiki, p\u0142ytek termoformowalnych oraz cyfrowe projektowanie uzupe\u0142nie\u0144 protetycznych CAD. W trakcie nauki organizowane s\u0105 kursy, szkolenia poszerzaj\u0105ce wiedz\u0119 i umiej\u0119tno\u015bci zawodowe.<\/p>\n<p><strong>W szkole na kierunku technika dentystyczna uczniowie wnosz\u0105 wp\u0142at\u0119 na Lokalny Komitet Narodowego Czynu Pomocy Szkole w wysoko\u015bci 350,- z\u0142 w semestrze, pokrywaj\u0105c\u0105 koszt zakupu materia\u0142\u00f3w protetycznych do realizacji programu nauczania.<\/strong><\/p>\n<p>&nbsp;<\/p>\n<p><strong>PRZECIWSKAZANIA ZDROWOTNE DO ZAWODU:<\/strong><img loading=\"lazy\" decoding=\"async\" class=\" wp-image-3320 alignright\" src=\"http:\/\/medyk.wroclaw.dolnyslask.pl\/wp-content\/uploads\/2022\/08\/247121705_341509754442526_4406396156326302731_n-300x225.jpg\" alt=\"\" width=\"434\" height=\"325\" srcset=\"https:\/\/medyk.wroclaw.dolnyslask.pl\/wp-content\/uploads\/2022\/08\/247121705_341509754442526_4406396156326302731_n-300x225.jpg 300w, https:\/\/medyk.wroclaw.dolnyslask.pl\/wp-content\/uploads\/2022\/08\/247121705_341509754442526_4406396156326302731_n-768x576.jpg 768w, https:\/\/medyk.wroclaw.dolnyslask.pl\/wp-content\/uploads\/2022\/08\/247121705_341509754442526_4406396156326302731_n.jpg 960w\" sizes=\"auto, (max-width: 434px) 100vw, 434px\" \/><\/p>\n<ul>\n<li>przede wszystkim choroby sk\u00f3ry,<\/li>\n<li>przewlek\u0142e choroby uk\u0142adu oddechowego,<\/li>\n<li>czynna gru\u017alica,<\/li>\n<li>choroby alergiczne,<\/li>\n<li>choroby zaka\u017ane,<\/li>\n<li>u\u0142omno\u015b\u0107 fizyczna uniemo\u017cliwiaj\u0105ca wykonywanie zawodu,<\/li>\n<li>wady i choroby narz\u0105du wzroku,<\/li>\n<li>przewlek\u0142y nie\u017cyt spoj\u00f3wek,<\/li>\n<li>zaburzenia neurologiczne i psychiczne np. epilepsja,<\/li>\n<li>wady i choroby narz\u0105du s\u0142uchu a zw\u0142aszcza niedos\u0142uch wszystkich stopni.<\/li>\n<\/ul>\n<p>&nbsp;<\/p>\n<p><strong>UWAGA!<\/strong><\/p>\n<ul>\n<li>Osoby, kt\u00f3re zostan\u0105 przyj\u0119te do szko\u0142y zobowi\u0105zane s\u0105 posiada\u0107\u00a0<strong>fartuch bawe\u0142niany bia\u0142y \/zapinany z przodu\/ i czepek bawe\u0142niany bia\u0142y<\/strong>.<\/li>\n<li>N<strong>auczyciele, prowadz\u0105cy zaj\u0119cia z pracowni techniki dentystycznej informuj\u0105 na bie\u017c\u0105co uczni\u00f3w o konieczno\u015bci posiadania okre\u015blonych narz\u0119dzi podstawowych:<\/strong>\n<ul>\n<li>miska i \u0142y\u017cka do gipsu,<\/li>\n<li>no\u017cyk do wosku \/du\u017cy\/ i n\u00f3\u017c do gipsu.<\/li>\n<\/ul>\n<\/li>\n<\/ul>\n<p>&nbsp;<\/p>\n<p><strong>LICZBA MIEJSC<\/strong>\u00a0&#8211;\u00a060<\/p>\n<p>Wi\u0119cej informacji &#8211; <a href=\"http:\/\/medyk.wroclaw.dolnyslask.pl\/wp-content\/uploads\/2022\/07\/Technik-Dentystyczny-pdf.pdf\">Plan nauczania <\/a><\/p>\n<p>SZCZEG\u00d3\u0141OWE INFORMACJE W SEKRETARIACIE SZKO\u0141Y<\/p>\n<p>(poniedzia\u0142ek-pi\u0105tek w godz 8.00-15.00)<\/p>\n<p>&nbsp;<\/p>\n<p>&nbsp;<\/p>\n","protected":false},"excerpt":{"rendered":"<p>Technika dentystyczna &#8211; rok powstania 1947 Szko\u0142a jest plac\u00f3wk\u0105 publiczn\u0105, do kt\u00f3rej mo\u017ce ucz\u0119szcza\u0107 ka\u017cdy absolwent szko\u0142y \u015bredniej, bez ograniczenia wieku, bez matury, bez czesnego oraz bez egzamin\u00f3w wst\u0119pnych. Szko\u0142a [&hellip;]<\/p>\n","protected":false},"author":1,"featured_media":0,"parent":0,"menu_order":0,"comment_status":"closed","ping_status":"closed","template":"","meta":{"footnotes":""},"class_list":["post-476","page","type-page","status-publish","hentry","clearfix"],"_links":{"self":[{"href":"https:\/\/medyk.wroclaw.dolnyslask.pl\/index.php\/wp-json\/wp\/v2\/pages\/476","targetHints":{"allow":["GET"]}}],"collection":[{"href":"https:\/\/medyk.wroclaw.dolnyslask.pl\/index.php\/wp-json\/wp\/v2\/pages"}],"about":[{"href":"https:\/\/medyk.wroclaw.dolnyslask.pl\/index.php\/wp-json\/wp\/v2\/types\/page"}],"author":[{"embeddable":true,"href":"https:\/\/medyk.wroclaw.dolnyslask.pl\/index.php\/wp-json\/wp\/v2\/users\/1"}],"replies":[{"embeddable":true,"href":"https:\/\/medyk.wroclaw.dolnyslask.pl\/index.php\/wp-json\/wp\/v2\/comments?post=476"}],"version-history":[{"count":19,"href":"https:\/\/medyk.wroclaw.dolnyslask.pl\/index.php\/wp-json\/wp\/v2\/pages\/476\/revisions"}],"predecessor-version":[{"id":3368,"href":"https:\/\/medyk.wroclaw.dolnyslask.pl\/index.php\/wp-json\/wp\/v2\/pages\/476\/revisions\/3368"}],"wp:attachment":[{"href":"https:\/\/medyk.wroclaw.dolnyslask.pl\/index.php\/wp-json\/wp\/v2\/media?parent=476"}],"curies":[{"name":"wp","href":"https:\/\/api.w.org\/{rel}","templated":true}]}}

<h2>Technika dentystyczna &#8211; rok powstania 1947</h2>
<p><img loading="lazy" decoding="async" class="wp-image-3260 alignleft" src="http://medyk.wroclaw.dolnyslask.pl/wp-content/uploads/2022/08/stomatolodzy-296x300.png" alt="" width="243" height="247" srcset="https://medyk.wroclaw.dolnyslask.pl/wp-content/uploads/2022/08/stomatolodzy-296x300.png 296w, https://medyk.wroclaw.dolnyslask.pl/wp-content/uploads/2022/08/stomatolodzy.png 542w" sizes="auto, (max-width: 243px) 100vw, 243px" />Szkoła jest placówką publiczną, do której może uczęszczać każdy absolwent szkoły średniej, bez ograniczenia wieku, bez matury, bez czesnego oraz bez egzaminów wstępnych.</p>
<p><strong>Szkoła ma wspaniałą lokalizację</strong> w bezpośredniej bliskości Dworca Głównego, co zapewnia dogodną komunikację zarówno w obrębie Wrocławia jak i terenów do niego przylegających.</p>
<p>Nauka na kierunku techniki dentystycznej trwa trwa<strong> 5 semestrów (2,5 roku)</strong>. Zajęcia odbywają się w systemie stacjonarnym pięciodniowym.</p>
<p>Na zakończenie edukacji uczeń przystępuje do Państwowego Egzaminu Potwierdzającego Kwalifikacje Zawodowe, a po jego zdaniu otrzymuje dyplom z suplementem w języku polskim i angielskim zgodny z EUROPASS z tytułem zawodowym &#8211; Technik Dentystyczny. Te kwalifikacjezawodowe uprawniają do podjęcia pracy w Uni Europejskiej i na świecie.</p>
<p><strong><img loading="lazy" decoding="async" class="wp-image-3317 alignright" src="http://medyk.wroclaw.dolnyslask.pl/wp-content/uploads/2022/08/96233426_3072546139455853_9146182734287208448_n-300x225.jpg" alt="" width="411" height="308" srcset="https://medyk.wroclaw.dolnyslask.pl/wp-content/uploads/2022/08/96233426_3072546139455853_9146182734287208448_n-300x225.jpg 300w, https://medyk.wroclaw.dolnyslask.pl/wp-content/uploads/2022/08/96233426_3072546139455853_9146182734287208448_n-768x576.jpg 768w, https://medyk.wroclaw.dolnyslask.pl/wp-content/uploads/2022/08/96233426_3072546139455853_9146182734287208448_n.jpg 960w" sizes="auto, (max-width: 411px) 100vw, 411px" />Główne atuty szkoły to:</strong></p>
<ul>
<li>szkoła z tradycjami, przyjazna dla ucznia,</li>
<li>wysoko wykwalifikowana kadra pedagogiczna z uprawnieniami egzaminatorów,</li>
<li>wdrażanie nowoczesnych technologii zawodowych,</li>
<li>w pełni wyposażoneindywidualne stanowiska pracy dla każdego ucznia,</li>
<li>współpraca z wiodącymi firmami protetycznymi w zakresie kształcenia zawodowego, szkoleń zawodowych,</li>
<li>oferty pracy, staży i praktyk zawodowych,</li>
<li>najwyższa jakość kształcenia poparta wynikami egzaminów zewnętrznych /100%/ zdawalności/ oraz ocenami pracodawców,</li>
<li>biblioteka szkolna dobrze zaopatrzona w podręczniki i czasopisma zawodowe oraz stanowiska komputerowe.</li>
</ul>
<p>&nbsp;</p>
<p><img loading="lazy" decoding="async" class="alignleft wp-image-3323" src="http://medyk.wroclaw.dolnyslask.pl/wp-content/uploads/2022/08/246736983_341509821109186_492152448393358660_n-e1660240150496-300x192.jpg" alt="" width="356" height="228" /></p>
<p style="text-align: left;">W programie nauczania zawarte są najnowocześniejsze rozwiązania technologiczne w technice dentystycznej i ortodontycznej. Uczniowie wykonują prace z kompozytu, ceramiki, płytek termoformowalnych oraz cyfrowe projektowanie uzupełnień protetycznych CAD. W trakcie nauki organizowane są kursy, szkolenia poszerzające wiedzę i umiejętności zawodowe.</p>
<p><strong>W szkole na kierunku technika dentystyczna uczniowie wnoszą wpłatę na Lokalny Komitet Narodowego Czynu Pomocy Szkole w wysokości 350,- zł w semestrze, pokrywającą koszt zakupu materiałów protetycznych do realizacji programu nauczania.</strong></p>
<p>&nbsp;</p>
<p><strong>PRZECIWSKAZANIA ZDROWOTNE DO ZAWODU:</strong><img loading="lazy" decoding="async" class=" wp-image-3320 alignright" src="http://medyk.wroclaw.dolnyslask.pl/wp-content/uploads/2022/08/247121705_341509754442526_4406396156326302731_n-300x225.jpg" alt="" width="434" height="325" srcset="https://medyk.wroclaw.dolnyslask.pl/wp-content/uploads/2022/08/247121705_341509754442526_4406396156326302731_n-300x225.jpg 300w, https://medyk.wroclaw.dolnyslask.pl/wp-content/uploads/2022/08/247121705_341509754442526_4406396156326302731_n-768x576.jpg 768w, https://medyk.wroclaw.dolnyslask.pl/wp-content/uploads/2022/08/247121705_341509754442526_4406396156326302731_n.jpg 960w" sizes="auto, (max-width: 434px) 100vw, 434px" /></p>
<ul>
<li>przede wszystkim choroby skóry,</li>
<li>przewlekłe choroby układu oddechowego,</li>
<li>czynna gruźlica,</li>
<li>choroby alergiczne,</li>
<li>choroby zakaźne,</li>
<li>ułomność fizyczna uniemożliwiająca wykonywanie zawodu,</li>
<li>wady i choroby narządu wzroku,</li>
<li>przewlekły nieżyt spojówek,</li>
<li>zaburzenia neurologiczne i psychiczne np. epilepsja,</li>
<li>wady i choroby narządu słuchu a zwłaszcza niedosłuch wszystkich stopni.</li>
</ul>
<p>&nbsp;</p>
<p><strong>UWAGA!</strong></p>
<ul>
<li>Osoby, które zostaną przyjęte do szkoły zobowiązane są posiadać <strong>fartuch bawełniany biały /zapinany z przodu/ i czepek bawełniany biały</strong>.</li>
<li>N<strong>auczyciele, prowadzący zajęcia z pracowni techniki dentystycznej informują na bieżąco uczniów o konieczności posiadania określonych narzędzi podstawowych:</strong>
<ul>
<li>miska i łyżka do gipsu,</li>
<li>nożyk do wosku /duży/ i nóż do gipsu.</li>
</ul>
</li>
</ul>
<p>&nbsp;</p>
<p><strong>LICZBA MIEJSC</strong> &#8211; 60</p>
<p>Więcej informacji &#8211; <a href="http://medyk.wroclaw.dolnyslask.pl/wp-content/uploads/2022/07/Technik-Dentystyczny-pdf.pdf">Plan nauczania </a></p>
<p>SZCZEGÓŁOWE INFORMACJE W SEKRETARIACIE SZKOŁY</p>
<p>(poniedziałek-piątek w godz 8.00-15.00)</p>
<p>&nbsp;</p>
<p>&nbsp;</p>

<p>Technika dentystyczna &#8211; rok powstania 1947 Szkoła jest placówką publiczną, do której może uczęszczać każdy absolwent szkoły średniej, bez ograniczenia wieku, bez matury, bez czesnego oraz bez egzaminów wstępnych. Szkoła [&hellip;]</p>
