{"id":489,"date":"2021-08-16T13:21:46","date_gmt":"2021-08-16T11:21:46","guid":{"rendered":"http:\/\/medyk.wroclaw.dolnyslask.pl\/?page_id=489"},"modified":"2022-08-12T12:43:30","modified_gmt":"2022-08-12T10:43:30","slug":"technik-farmaceutyczny-rok-powstania-1952","status":"publish","type":"page","link":"https:\/\/medyk.wroclaw.dolnyslask.pl\/index.php\/technik-farmaceutyczny-rok-powstania-1952\/","title":{"rendered":"Technik farmaceutyczny"},"content":{"rendered":"<p><em><span class=\"body_outer\"><img loading=\"lazy\" decoding=\"async\" class=\"wp-image-3287 size-medium alignleft\" src=\"http:\/\/medyk.wroclaw.dolnyslask.pl\/wp-content\/uploads\/2022\/08\/farmaceuci-297x300.png\" alt=\"\" width=\"297\" height=\"300\" srcset=\"https:\/\/medyk.wroclaw.dolnyslask.pl\/wp-content\/uploads\/2022\/08\/farmaceuci-297x300.png 297w, https:\/\/medyk.wroclaw.dolnyslask.pl\/wp-content\/uploads\/2022\/08\/farmaceuci.png 547w\" sizes=\"auto, (max-width: 297px) 100vw, 297px\" \/><\/span><\/em><\/p>\n<p><strong>Technik farmaceutyczny &#8211; rok powstania 1952<\/strong><\/p>\n<p><em><span class=\"body_outer\">Do roku szkolnego 2004\/2005 szko\u0142a nosi\u0142a nazw\u0119 <strong>Medyczne Studium Zawodowe nr 4<\/strong><\/span><\/em><\/p>\n<p><strong>Technik farmaceutyczny<\/strong>\u00a0tworzy \u015bredni personel medyczny pracuj\u0105cy w aptekach wszystkich rodzaj\u00f3w, sklepach drogeryjnych, zielarskich, magazynach i hurtowniach lek\u00f3w i artyku\u0142\u00f3w sanitarnych.<\/p>\n<p>Nauka na kierunku trwa<strong> 5 semestr\u00f3w (2,5 roku)<\/strong>.<\/p>\n<p>Zaj\u0119cia odbywaj\u0105 si\u0119 w systemie stacjonarnym, pi\u0119ciodniowym.<\/p>\n<p>Zaj\u0119cia edukacyjne obejmuj\u0105 wyk\u0142ady oraz \u0107wiczenia odbywaj\u0105ce si\u0119 w ma\u0142ych grupach. Wszystkie zaj\u0119cia s\u0105 obowi\u0105zkowe, a wi\u0119kszo\u015b\u0107 z nich o charakterze zawodowym ma na celu ukszta\u0142towanie prawid\u0142owej sylwetki absolwenta szko\u0142y.<\/p>\n<p><img loading=\"lazy\" decoding=\"async\" class=\" wp-image-3380 alignright\" src=\"http:\/\/medyk.wroclaw.dolnyslask.pl\/wp-content\/uploads\/2022\/08\/263362806_364755288784639_8501131854510858095_n-225x300.jpg\" alt=\"\" width=\"300\" height=\"400\" srcset=\"https:\/\/medyk.wroclaw.dolnyslask.pl\/wp-content\/uploads\/2022\/08\/263362806_364755288784639_8501131854510858095_n-225x300.jpg 225w, https:\/\/medyk.wroclaw.dolnyslask.pl\/wp-content\/uploads\/2022\/08\/263362806_364755288784639_8501131854510858095_n.jpg 720w\" sizes=\"auto, (max-width: 300px) 100vw, 300px\" \/>Przewidziane planem nauczania zaj\u0119cia praktyczne i praktyka zawodowa odbywaj\u0105 si\u0119 w plac\u00f3wkach s\u0142u\u017cby zdrowia, aptekach otwartych i szpitalach, laboratoriach galenowych i analitycznych oraz hurtowniach farmaceutycznych. S\u0105 to jednocze\u015bnie miejsca pracy przysz\u0142ych absolwent\u00f3w kierunku.<\/p>\n<p>Kandydat na technika farmaceutycznego winien posiada\u0107 dobr\u0105 znajomo\u015b\u0107 chemii, zainteresowania przyrodnicze, humanistyczne i techniczne. Cechowa\u0107 go powinna spostrzegawczo\u015b\u0107, dok\u0142adno\u015b\u0107 i sumienno\u015b\u0107 oraz umiej\u0119tno\u015b\u0107 wsp\u00f3\u0142pracy.<\/p>\n<p><strong>W szkole na kierunku technika farmaceutyczna s\u0142uchacze wnosz\u0105 wp\u0142at\u0119 na Lokalny Komitet Narodowego Czynu Pomocy Szkole w wysoko\u015bci 150,- z\u0142 w semestrze.<\/strong><\/p>\n<p>Osoby, kt\u00f3re zostan\u0105 przyj\u0119te do szko\u0142y obowi\u0105zane b\u0119d\u0105 posiada\u0107 w\u0142asny sprz\u0119t podstawowy:<\/p>\n<ul>\n<li>dwa fartuchy zapinane z przodu,<\/li>\n<li>obuwie zmienne,<\/li>\n<li>ksi\u0105\u017ceczk\u0119 zdrowia do cel\u00f3w sanitarno &#8211; epidemiologicznych.<\/li>\n<\/ul>\n<p>&nbsp;<\/p>\n<p><strong><img loading=\"lazy\" decoding=\"async\" class=\" wp-image-3383 alignright\" src=\"http:\/\/medyk.wroclaw.dolnyslask.pl\/wp-content\/uploads\/2022\/08\/120086510_3478449048865558_764843105197689278_n-146x300.jpg\" alt=\"\" width=\"185\" height=\"380\" srcset=\"https:\/\/medyk.wroclaw.dolnyslask.pl\/wp-content\/uploads\/2022\/08\/120086510_3478449048865558_764843105197689278_n-146x300.jpg 146w, https:\/\/medyk.wroclaw.dolnyslask.pl\/wp-content\/uploads\/2022\/08\/120086510_3478449048865558_764843105197689278_n.jpg 466w\" sizes=\"auto, (max-width: 185px) 100vw, 185px\" \/>PRZECIWWSKAZANIA ZDROWOTNE DO ZAWODU:<\/strong><\/p>\n<ul>\n<li>choroby sk\u00f3ry,<\/li>\n<li>przewlek\u0142a alergia,<\/li>\n<li>u\u0142omno\u015bci fizyczne uniemo\u017cliwiaj\u0105ce wykonywanie zawodu np. wzrost poni\u017cej przeci\u0119tnego,<\/li>\n<li>wady i choroby narz\u0105du wzroku:\n<ul>\n<li>jak zaburzenia widzenia obuocznego,<\/li>\n<li>upo\u015bledzenia adaptacji wzroku,<\/li>\n<li>daltonizm,<\/li>\n<li>przewlek\u0142y nie\u017cyt spoj\u00f3wek,<\/li>\n<\/ul>\n<\/li>\n<li>zaburzenia neurologiczne i psychiczne;\n<ul>\n<li>np. epilepsja,<\/li>\n<li>niedos\u0142uch.<\/li>\n<\/ul>\n<\/li>\n<\/ul>\n<p>&nbsp;<\/p>\n<p><strong>LICZBA MIEJSC<\/strong> &#8211; 25<\/p>\n<p>Wi\u0119cej informacji &#8211; <a href=\"http:\/\/medyk.wroclaw.dolnyslask.pl\/wp-content\/uploads\/2022\/07\/Techik-Farmaceutyczny-pdf.pdf\">Plan nauczania<\/a><\/p>\n<p>SZCZEG\u00d3\u0141OWE INFORMACJE W SEKRETARIACIE SZKO\u0141Y<\/p>\n<p>(poniedzia\u0142ek-pi\u0105tek w godz. 8.00-15.00)<\/p>\n","protected":false},"excerpt":{"rendered":"<p>Technik farmaceutyczny &#8211; rok powstania 1952 Do roku szkolnego 2004\/2005 szko\u0142a nosi\u0142a nazw\u0119 Medyczne Studium Zawodowe nr 4 Technik farmaceutyczny\u00a0tworzy \u015bredni personel medyczny pracuj\u0105cy w aptekach wszystkich rodzaj\u00f3w, sklepach drogeryjnych, [&hellip;]<\/p>\n","protected":false},"author":1,"featured_media":0,"parent":0,"menu_order":0,"comment_status":"closed","ping_status":"closed","template":"","meta":{"footnotes":""},"class_list":["post-489","page","type-page","status-publish","hentry","clearfix"],"_links":{"self":[{"href":"https:\/\/medyk.wroclaw.dolnyslask.pl\/index.php\/wp-json\/wp\/v2\/pages\/489","targetHints":{"allow":["GET"]}}],"collection":[{"href":"https:\/\/medyk.wroclaw.dolnyslask.pl\/index.php\/wp-json\/wp\/v2\/pages"}],"about":[{"href":"https:\/\/medyk.wroclaw.dolnyslask.pl\/index.php\/wp-json\/wp\/v2\/types\/page"}],"author":[{"embeddable":true,"href":"https:\/\/medyk.wroclaw.dolnyslask.pl\/index.php\/wp-json\/wp\/v2\/users\/1"}],"replies":[{"embeddable":true,"href":"https:\/\/medyk.wroclaw.dolnyslask.pl\/index.php\/wp-json\/wp\/v2\/comments?post=489"}],"version-history":[{"count":7,"href":"https:\/\/medyk.wroclaw.dolnyslask.pl\/index.php\/wp-json\/wp\/v2\/pages\/489\/revisions"}],"predecessor-version":[{"id":3377,"href":"https:\/\/medyk.wroclaw.dolnyslask.pl\/index.php\/wp-json\/wp\/v2\/pages\/489\/revisions\/3377"}],"wp:attachment":[{"href":"https:\/\/medyk.wroclaw.dolnyslask.pl\/index.php\/wp-json\/wp\/v2\/media?parent=489"}],"curies":[{"name":"wp","href":"https:\/\/api.w.org\/{rel}","templated":true}]}}