{"id":996,"date":"2022-01-03T09:57:55","date_gmt":"2022-01-03T08:57:55","guid":{"rendered":"http:\/\/medyk.wroclaw.dolnyslask.pl\/?page_id=996"},"modified":"2022-07-12T10:24:37","modified_gmt":"2022-07-12T08:24:37","slug":"gmina-walbrzych","status":"publish","type":"page","link":"https:\/\/medyk.wroclaw.dolnyslask.pl\/index.php\/gmina-walbrzych\/","title":{"rendered":"Gmina Wa\u0142brzych"},"content":{"rendered":"<p><a href=\"http:\/\/medyk.wroclaw.dolnyslask.pl\/index.php\/gmina-walbrzych-grudzien-2021\/\">Gmina Wa\u0142brzych Grudzie\u0144 2021<\/a><\/p>\n<p><a href=\"http:\/\/medyk.wroclaw.dolnyslask.pl\/index.php\/gmina-walbrzych-styczen-2022\/\">Gmina Wa\u0142brzych Stycze\u0144 2022<\/a><\/p>\n<p><a href=\"http:\/\/medyk.wroclaw.dolnyslask.pl\/index.php\/gmina-walbrzych-luty-2022\/\">Gmina Wa\u0142brzych Luty 2022<\/a><\/p>\n<p><a href=\"http:\/\/medyk.wroclaw.dolnyslask.pl\/index.php\/gmina-walbrzych-marzec-2022\/\">Gmina Wa\u0142brzych Marzec 2022<\/a><\/p>\n<p><a href=\"http:\/\/medyk.wroclaw.dolnyslask.pl\/index.php\/gmina-walbrzych-kwiecien-2022\/\">Gmina Wa\u0142brzych Kwiecie\u0144 2022<\/a><\/p>\n<p><a href=\"http:\/\/medyk.wroclaw.dolnyslask.pl\/index.php\/gmina-walbrzych-maj-2022\/\">Gmina Wa\u0142brzych Maj 2022<\/a><\/p>\n<p><a href=\"http:\/\/medyk.wroclaw.dolnyslask.pl\/index.php\/gmina-walbrzych-czerwiec-2022\/\">Gmina Wa\u0142brzych Czerwiec 2022<\/a><\/p>\n","protected":false},"excerpt":{"rendered":"<p>Gmina Wa\u0142brzych Grudzie\u0144 2021 Gmina Wa\u0142brzych Stycze\u0144 2022 Gmina Wa\u0142brzych Luty 2022 Gmina Wa\u0142brzych Marzec 2022 Gmina Wa\u0142brzych Kwiecie\u0144 2022 Gmina Wa\u0142brzych Maj 2022 Gmina Wa\u0142brzych Czerwiec 2022<\/p>\n","protected":false},"author":15,"featured_media":0,"parent":0,"menu_order":0,"comment_status":"closed","ping_status":"closed","template":"","meta":{"footnotes":""},"class_list":["post-996","page","type-page","status-publish","hentry","clearfix"],"_links":{"self":[{"href":"https:\/\/medyk.wroclaw.dolnyslask.pl\/index.php\/wp-json\/wp\/v2\/pages\/996","targetHints":{"allow":["GET"]}}],"collection":[{"href":"https:\/\/medyk.wroclaw.dolnyslask.pl\/index.php\/wp-json\/wp\/v2\/pages"}],"about":[{"href":"https:\/\/medyk.wroclaw.dolnyslask.pl\/index.php\/wp-json\/wp\/v2\/types\/page"}],"author":[{"embeddable":true,"href":"https:\/\/medyk.wroclaw.dolnyslask.pl\/index.php\/wp-json\/wp\/v2\/users\/15"}],"replies":[{"embeddable":true,"href":"https:\/\/medyk.wroclaw.dolnyslask.pl\/index.php\/wp-json\/wp\/v2\/comments?post=996"}],"version-history":[{"count":5,"href":"https:\/\/medyk.wroclaw.dolnyslask.pl\/index.php\/wp-json\/wp\/v2\/pages\/996\/revisions"}],"predecessor-version":[{"id":2975,"href":"https:\/\/medyk.wroclaw.dolnyslask.pl\/index.php\/wp-json\/wp\/v2\/pages\/996\/revisions\/2975"}],"wp:attachment":[{"href":"https:\/\/medyk.wroclaw.dolnyslask.pl\/index.php\/wp-json\/wp\/v2\/media?parent=996"}],"curies":[{"name":"wp","href":"https:\/\/api.w.org\/{rel}","templated":true}]}}

Gmina Wałbrzych

<p><a href="http://medyk.wroclaw.dolnyslask.pl/index.php/gmina-walbrzych-grudzien-2021/">Gmina Wałbrzych Grudzień 2021</a></p>
<p><a href="http://medyk.wroclaw.dolnyslask.pl/index.php/gmina-walbrzych-styczen-2022/">Gmina Wałbrzych Styczeń 2022</a></p>
<p><a href="http://medyk.wroclaw.dolnyslask.pl/index.php/gmina-walbrzych-luty-2022/">Gmina Wałbrzych Luty 2022</a></p>
<p><a href="http://medyk.wroclaw.dolnyslask.pl/index.php/gmina-walbrzych-marzec-2022/">Gmina Wałbrzych Marzec 2022</a></p>
<p><a href="http://medyk.wroclaw.dolnyslask.pl/index.php/gmina-walbrzych-kwiecien-2022/">Gmina Wałbrzych Kwiecień 2022</a></p>
<p><a href="http://medyk.wroclaw.dolnyslask.pl/index.php/gmina-walbrzych-maj-2022/">Gmina Wałbrzych Maj 2022</a></p>
<p><a href="http://medyk.wroclaw.dolnyslask.pl/index.php/gmina-walbrzych-czerwiec-2022/">Gmina Wałbrzych Czerwiec 2022</a></p>

<p>Gmina Wałbrzych Grudzień 2021 Gmina Wałbrzych Styczeń 2022 Gmina Wałbrzych Luty 2022 Gmina Wałbrzych Marzec 2022 Gmina Wałbrzych Kwiecień 2022 Gmina Wałbrzych Maj 2022 Gmina Wałbrzych Czerwiec 2022</p>
